(-5). Calculate the greatest common divisor of y and h.
15
Let b = -17 + 29. What is the highest common divisor of 48 and b?
12
Let p(r) = -8*r + 4. Let f be p(-7). What is the highest common divisor of 12 and f?
12
Let d be -1 + (4 - 2) + 32. Let a be d/2 - 2/4. Let y(x) = x + 2. Let l be y(2). What is the greatest common divisor of l and a?
4
Suppose -l + 2 = -0. Let w be 163 + -3 + -1 + l. Calculate the highest common divisor of 23 and w.
23
Let z(c) = c**2 - 10*c + 10. Let f be z(12). Let m(n) = 4*n**2 - 2*n - 5. Let l be m(5). What is the highest common factor of f and l?
17
Let r be (-2)/4 - (-98)/4. Suppose 0*u = 4*u - 16. Suppose 0 = 2*o - b - 0*b - 23, -u*b = -3*o + 32. Calculate the highest common factor of r and o.
12
Let z be (-180)/(-2 + -2) + -1. Let t = -4 + 15. What is the greatest common factor of t and z?
11
Let r(n) = -6*n + 7. Suppose -2*m - 16 = -5*y, -4*m + 4*y + y = 32. Let p be r(m). Let a be (3 - 2) + 0 + p. Calculate the greatest common divisor of a and 8.
8
Let n = -72 + 152. Calculate the greatest common divisor of 20 and n.
20
Let a = -15 - -19. Let c be 1/(-4) - 15/(-12). Let m = c - -3. What is the highest common divisor of m and a?
4
Suppose 3*f = -2*k - 0*k - 10, 0 = -5*k + 2*f - 6. Let u be -1 - k - (-4 - 1). Suppose v - 4*v + 9 = 0. What is the greatest common factor of v and u?
3
Let x be (-222)/(-3) + (-1 - -2). What is the highest common factor of 25 and x?
25
Let a(d) = -d + 3. Let b be a(0). Suppose v + b*v - y = 23, -5*y = -2*v + 7. What is the greatest common divisor of v and 6?
6
Let u = 2 + 0. Suppose 38 + u = 4*n. Calculate the highest common divisor of n and 50.
10
Suppose 4*d - 8*d + 8 = 0. Suppose n - d*n = -12. Calculate the highest common divisor of 3 and n.
3
Let w = -4 - -3. Let m(z) = 6*z**2 - 2*z - 1. Let v be m(w). Suppose 31*s - 1669 = 67. What is the greatest common factor of s and v?
7
Let m = 135 + -72. What is the highest common divisor of m and 42?
21
Let g be (-29)/(2/(1 + -3)). Suppose 0 = f - g - 11. Suppose -6 = -c + 10. Calculate the highest common divisor of f and c.
8
Let g be (-26)/(-1) - (-4)/(-2). Suppose -4 = a - 1, -10 = b + 4*a. Let o = b + 4. Calculate the greatest common divisor of g and o.
6
Suppose -8*b = -6*b. Suppose -3*s - 44 = -7*s + 4*r, b = 4*s + 5*r + 1. What is the highest common divisor of 30 and s?
6
Let s be (5/(-1 - 0))/1. Let c = s - -9. Let n(l) = 2*l + 4. Let d be n(c). What is the highest common divisor of 60 and d?
12
Suppose 35 = 6*y - y. Let x be (0 - (-1 - 1))*(-210)/(-12). Calculate the greatest common divisor of x and y.
7
Let p(i) = 12*i - 4. Let a be p(3). Let q = a + -21. Let m = q - 4. Calculate the highest common divisor of m and 56.
7
Let h = 208 - 205. Calculate the highest common divisor of h and 9.
3
Suppose -20 + 2 = -2*w. Suppose -4 = -4*y + 5*k, 1 - 5 = -4*y - 4*k. Let o be (3 - 2)/y*1. What is the highest common factor of w and o?
1
Let p = 3 - 0. Suppose 5*k = 3*z + 3*k - 14, -3*k + 1 = z. Suppose 2*o = -3*u + 7, z*u + u - 9 = -2*o. What is the highest common divisor of p and u?
1
Let h(a) = 42*a - 8. Let g be h(6). Let l be (g/(-6))/(4/(-12)). Let p = l + -41. Calculate the highest common factor of p and 9.
9
Let q(h) = -h - 6. Let f be q(-6). Suppose -2*u + f*b = 5*b - 39, -2*u = -2*b - 18. What is the greatest common factor of u and 96?
12
Let a be (-2)/11 - 72/(-33). Suppose a*s = 3*s - 84. Calculate the highest common factor of 12 and s.
12
Suppose -36 = x - 4*x. Let p be 2/(-9) - (-76)/18. Suppose 16 = 5*w - p*n, -n - 9 = -2*w - 2*n. Calculate the highest common divisor of x and w.
4
Let w = 40 + -23. Let s = 32 - -481. Suppose k - 188 = n, -2*k = n - s + 140. What is the highest common divisor of w and k?
17
Let o = -12 - -28. What is the highest common divisor of 8 and o?
8
Let y(k) = 4*k**2 - 4*k - 2. Let j be y(4). Calculate the greatest common divisor of j and 23.
23
Let c = 1058 + -673. Calculate the highest common factor of c and 35.
35
Let v be (-8 + 15)/(-28) + (-258)/(-8). Calculate the greatest common factor of 48 and v.
16
Suppose 2*u + 4 = 6. Let k(g) = 10*g - 1. Let c be k(u). What is the highest common divisor of 6 and c?
3
Let o(q) = q + 23. Let j be o(-5). What is the greatest common divisor of j and 144?
18
Suppose -3*o = -7*o + 288. Calculate the greatest common divisor of 8 and o.
8
Let q(j) = 3*j**2 - 8*j - 5. Let s be q(-5). What is the greatest common factor of s and 10?
10
Let u = -10 - -58. Calculate the greatest common divisor of u and 32.
16
Suppose 0*w - 2*w + 2 = 0. Let z be w*11 + (-4 - -3). What is the highest common factor of 100 and z?
10
Suppose -5*f + 3*w - 105 = -36, 2*f - 2*w = -30. Let n(s) = 3*s**2 + 14*s. Let q be n(f). Calculate the greatest common divisor of 24 and q.
24
Let l be -1 - ((-8)/(-1))/((-2)/8). What is the highest common factor of 279 and l?
31
Let s = 5 - -7. Suppose -4*x = -2*x - s. Suppose -3*y - 10 = -k, -4*k + y = -12 - x. What is the greatest common divisor of 44 and k?
4
Suppose 5*g + 149 = 4*n, -4*n + 2*g + 110 = -n. Suppose -2*w + n = -w. Let t be 2/(-3)*w/(-4). What is the greatest common factor of 6 and t?
6
Suppose 2*u = 218 + 70. What is the greatest common factor of u and 16?
16
Let q be 2/2 - 2/(-1). Suppose -3*j + 12 = 3*a - q, -5*a + 9 = 3*j. Let i be (-2)/(-9) + (-4522)/(-63). Calculate the greatest common factor of i and j.
8
Let k(b) = 2*b + 8. Suppose 2*y = 11 + 5. Let x be k(y). Let h = -10 + x. What is the highest common divisor of 28 and h?
14
Let y be (-146)/(-9) - 8/36. What is the greatest common factor of y and 40?
8
Let s(o) = 8*o**2 - 4*o + 2. Let i be s(2). Let m(h) = h**3 - 18*h**2 - 16*h + 8. Let j be m(19). Calculate the greatest common factor of j and i.
13
Suppose -2*y = 8 - 20. Let h = -2 - -8. Calculate the greatest common factor of y and h.
6
Let w be (-8)/(-10)*((-205)/(-10) + 2). What is the highest common factor of 12 and w?
6
Let k(f) = -f**2 + 9*f - 1. Let m be k(6). What is the highest common divisor of m and 187?
17
Suppose 5*a = -0*a + 300. Let j(s) = s**3 - 7*s**2 + s - 1. Let l be j(5). Let y be 1 + 3/(-6)*l. Calculate the greatest common factor of a and y.
12
Let g = 47 - -23. What is the highest common factor of 28 and g?
14
Suppose 4 = 23*c - 20*c + 4*o, 18 = c - 2*o. Let p(l) = -l**3 + 6*l**2 - 4*l. Let q be p(4). What is the highest common factor of q and c?
8
Suppose h = -4*t + 17, 3*h = 4*t + 2 + 1. Let f = -1 + 1. Suppose t*o - 8*o + 75 = f. What is the greatest common factor of 15 and o?
15
Suppose 3*h + 0*h = 39. Suppose 2*d + 95 = 7. Let r = 47 - d. What is the greatest common divisor of h and r?
13
Suppose -3*r - 4 = -1. Let i be 4*(-2 - r/4). Let d(o) = -2*o + 2. Let m be d(i). Calculate the highest common factor of m and 48.
16
Suppose -2*v + 3*f + 66 = 0, 4*v = 5*f - f + 128. Calculate the highest common divisor of v and 6.
6
Let w(b) = b + 11. Let d be w(-8). Calculate the greatest common divisor of d and 12.
3
Let w(r) = -r - 1. Let o be w(-8). Suppose 0 = -4*y + 5*m + 3, 5*y + 4*m = o + 7. What is the greatest common factor of y and 2?
2
Suppose -53 = -4*v - g, 0 = v - 3*g - 17 - 6. Let x be 151 + 1 - 1*-2. What is the greatest common divisor of x and v?
14
Let j(y) = -y**3 - 2*y**2 + 2. Let i be j(0). What is the highest common divisor of i and 16?
2
Suppose 2*c = 4, -o - 5*c = -6*o + 110. Calculate the highest common divisor of 24 and o.
24
Suppose t + 4*t = -q + 29, 3*t = 4*q - 47. Let w be (-21)/(-2)*48/q. Calculate the highest common divisor of 18 and w.
18
Let n be (-8 + -7)/(((-3)/21)/1). What is the highest common factor of n and 42?
21
Suppose 4*b - h - 89 = 0, -2*h = -4*h - 2. Let k = b - 0. Let z be 21/2 + (-2)/(-4). Calculate the highest common factor of z and k.
11
Let n(p) = -p**2 - 8*p - 4. Let q be n(-7). Suppose q*t + 122 = -67. Let d = t - -117. What is the greatest common divisor of d and 18?
18
Let b(n) = 7*n - 2*n**3 + 3 + 6*n - n**2 - n**2 - 7*n. Let q be b(-4). What is the greatest common divisor of 30 and q?
15
Let t(q) = 156*q. Let h be t(5). Suppose -2*u - 2*i + 524 = -3*i, -3*u = -3*i - h. Calculate the greatest common factor of 24 and u.
24
Suppose 0 = 5*m - s - 16 - 26, 3*m - 15 = 4*s. Let c(u) = 26*u + 8. Let q be c(m). Calculate the greatest common factor of q and 22.
22
